9
Let b(z) = z**3 - 3*z**2 - 5*z. Let m be b(4). Let s be (-2 - 16/(-6))/(m/6). Let y(n) = -5*n. Determine y(s).
5
Let m(t) = 7*t - 2*t - t**3 - 7*t**2 - 5 + 3*t**2. Let u be m(-5). Let l(i) = 3*i + 6*i**3 - 6*i**3 - i**3 - 4*i**2 - i + 3*i + 6. What is l(u)?
6
Let c(u) = u**3 + 4*u**2 + 3*u. Suppose q + 10 = 15. Let n be (2 - q/1) + 2 + -2. What is c(n)?
0
Let r(j) = -75*j**2 + 0*j**3 + 11 + 2*j**3 - 9*j - j**3 + 84*j**2. What is r(-10)?
1
Suppose 8*u - 5*u = 21. Let t(q) = -3*q**2 + 14*q + 2. Let v(m) = m**2 - 1 - 7*m - 2*m + 4*m. Let f(k) = -2*t(k) - 7*v(k). What is f(u)?
3
Let b = 30 + -31. Let k(c) = 3*c**3 + 1 + 2*c**2 + c**3 - 3*c + 5*c. Calculate k(b).
-3
Let v(l) = -25*l - 26 + l**3 - l**2 - 19*l**2 + 5*l. Let d be v(21). Let k(z) be the third derivative of z**5/60 + z**4/4 + 5*z**3/6 + 2*z**2. Calculate k(d).
0
Let o(k) be the second derivative of -7*k**4/12 + k**3/6 + 12*k**2 + 3*k. Let w(f) be the first derivative of o(f). What is w(1)?
-13
Let v(u) = -6*u**2 + 25*u**2 - 7*u**2 - 6*u + 7 - 8*u**2 - 5*u**2. Calculate v(-8).
-9
Let c(j) be the second derivative of -1/3*j**3 + 0 - 7/2*j**2 - 27*j. Determine c(-6).
5
Let f(y) = -y - 9. Let a(g) = -g - 19. Let w(x) = -a(x) + 2*f(x). Suppose b + b = -3*i - 13, 2*i + 3*b + 17 = 0. Let t = 1 - i. Give w(t).
-1
Suppose -3*j = -2*g + 5, 9*g - 6*g - 5*j - 8 = 0. Let k(p) = -17*p**2 + p - 1. Calculate k(g).
-17
Let u(p) be the first derivative of -p**2/2 + p - 2. Let o(n) = n**2 + 6*n - 1. Suppose 1 = i + 6. Let f be o(i). Give u(f).
7
Let q(d) be the first derivative of -d**2 + d + 2. Let r be q(3). Let p(x) be the first derivative of -x**4/4 - 4*x**3/3 + 5*x**2/2 + 5*x - 2196. Give p(r).
5
Suppose -5*d + 3 = -2. Let t(a) = -a + 15. Let w(c) = -2*c + 26. Let f(g) = -7*t(g) + 4*w(g). Determine f(d).
-2
Let m(c) = -c**3 - 5*c**2 + 4*c - 10. Let t be ((-10)/(480/36))/((-2)/(-16)). Calculate m(t).
2
Let n(i) be the first derivative of i**4/4 - 5*i**3/3 + 2*i + 1. Let c be 8/6 + (-286)/(-78). Determine n(c).
2
Suppose -k + 17 = 2. Let n(c) = c**3 - 16*c**2 + 15*c + 14. Determine n(k).
14
Let i(n) = n**2 + 70*n + 1076. Let j be i(-23). Let m(x) = 6*x + 4. Let d(b) = 5*b + 3. Let z(s) = -4*d(s) + 3*m(s). What is z(j)?
10
Let r(y) be the third derivative of -y**5/60 - 3*y**2 + 20*y. Calculate r(-1).
-1
Let t = 13 + -13. Suppose t = 5*p + 2 + 3. Let u(v) = -v. Determine u(p).
1
Suppose 4*k + 4*r + 6 = -r, 2*k - 4*r - 10 = 0. Let x(q) = -2*q**2 + 6*q**2 + 2 + 3*q - 3 - k + q**3. Give x(-4).
-14
Let g(h) = 3*h + 8. Let l(f) be the first derivative of -f**2 - 5*f + 2. Suppose 4 = -y - 4. Let u(w) = y*l(w) - 5*g(w). Calculate u(1).
1
Let p(s) = 2*s**2 - s. Let f be p(1). Let y be (-1)/((-12)/(-15) - f). Let h = 4 - y. Let x(r) = -r**2 - r. What is x(h)?
0
Suppose -13*w + 4 = -12*w. Let x(y) = 1 + 6*y + w*y + 0 - 11*y. Determine x(-5).
6
Suppose -5*o - u + 23 + 10 = 0, 5*u - 15 = 0. Suppose o = 5*k - 2*k. Let y(g) = -5*g + g**2 + g**3 - k + g**2 + 0*g**2. Calculate y(-4).
-14
Let l(w) = w - 10. Suppose -7*v + 6*v = 10. Let g = v + 10. Determine l(g).
-10
Let t(b) = 4*b - 20. Let f = 112 - 106. Calculate t(f).
4
Let o(i) = -91 - i + 192 - 101. Give o(14).
-14
Suppose 5*h - 37 = -2. Let q(z) = z - 10. Let a be q(h). Let t(j) = -2*j**2 - 3*j + 1. Determine t(a).
-8
Let w(l) be the third derivative of l**5/60 + l**4/24 - 3*l**3/2 - l**2 - 7. Give w(-3).
-3
Let j(i) = 15*i + 1. Let c(r) = 26*r + 2. Let z(a) = -3*c(a) + 5*j(a). Determine z(2).
-7
Let y = 38 + -35. Let m(f) = -f**3 + f**2 - 1. Let r(c) = -2*c**3 - c**2 - 2. Let v(q) = y*m(q) - r(q). Determine v(4).
-1
Let y(g) = -5*g - 173. Let a be y(-34). Let k(l) = -l**3 - 3*l**2 + 3*l + 4. What is k(a)?
-5
Let v(d) be the first derivative of -d**5/60 + d**4/4 - d**3/6 + 27*d**2/2 + 2. Let p(g) be the second derivative of v(g). Give p(6).
-1
Suppose -4*d + 2 = -6. Let k(f) = -8*f**3 - 7*f**2 + 3*f + 5. Let p(m) = -10*m**3 - 8*m**2 + 3*m + 6. Let c(n) = -6*k(n) + 5*p(n). Determine c(d).
-14
Let d = 20 - 24. Let a be 4/6*(-18)/d. Let z(r) = r + 1 + r - a*r. Calculate z(5).
-4
Let x(m) = m**2 + m - 2. Let o = 92 - 90. Suppose 5*c + o = -3*u, 0*c = 5*c + 4*u + 6. Give x(c).
4
Let j(x) be the second derivative of -x**4/12 - 3*x**3/2 + 5*x**2 + 167*x. What is j(-9)?
10
Suppose -4 = -z - h, 0 = -2*h - 2*h - 12. Let j = 9 - z. Suppose 2*c = -j*c - 24. Let m(d) = d**3 + 6*d**2 - d. What is m(c)?
6
Let x(w) = w**3 - w**2 + w - 1. Let l(c) = c**3 - 2*c**2 + 3*c + 2. Let k(f) = -l(f) + 2*x(f). Determine k(-2).
-10
Let d(w) = w**2 + 8*w - 4. Let y(v) = -v**2 - 9*v + 3. Let k(i) = 3*d(i) + 2*y(i). Let g be (-4)/12 - 14/3. What is k(g)?
-11
Let v(o) be the third derivative of -o**5/120 - o**4/24 - 2*o**3 - 19*o**2. Let g(j) be the first derivative of v(j). Calculate g(2).
-3
Let h be (-1 - 1)*(-10 + 9). Suppose -h + 5 = -3*u. Let k(f) = -2 - 5 + 2*f**2 + 7 + f + 4*f**3. Calculate k(u).
-3
Let l be (-4 - -4) + 3 - 9. Let k(d) = 20*d**3 - 35*d**2 - 2*d + 38. Let c(i) = -7*i**3 + 12*i**2 + i - 13. Let y(a) = l*k(a) - 17*c(a). Calculate y(5).
-7
Let d(a) be the third derivative of a**7/2520 - a**6/240 + 3*a**5/10 - 10*a**2. Let k(f) be the third derivative of d(f). Determine k(5).
7
Let p = -8 + 10. Let m = p - 0. Let z(u) = -2*u + m*u - 2 + 6*u. Determine z(2).
10
Suppose 0 = m - 2*m - 2. Let o = -7 - m. Let x(r) = 2*r. What is x(o)?
-10
Let i = -258 + 155. Let w = i + 97. Let k(y) be the first derivative of -y**4/4 - 7*y**3/3 - 2*y**2 + 4*y + 2. Determine k(w).
-8
Suppose 0 = l + 37*l. Let y(c) = -4*c - 21 + 5*c + 3. Give y(l).
-18
Let m(u) = 3*u - 1. Suppose 7*h - 4*h = 69. Suppose -h - 7 = -5*w. Suppose 0 = -w*v + 2*v + 4. Determine m(v).
2
Let t(a) = a + 13. Let f = 276 + -285. Determine t(f).
4
Let x(j) = j. Let v(o) = -o**2 - 8*o + 4. Let g(n) = -v(n) - 5*x(n). Let a(r) = 2*r**2 - 2*r + 6. Let f be a(0). Suppose 3 = f*d + 21. Calculate g(d).
-4
Let j = 2346 + -2345. Let r(v) = -35*v**3 - v + 1. What is r(j)?
-35
Let d(n) be the first derivative of 5 + 7/6*n**3 - 1/3*n**4 - 1/20*n**5 - 5*n + 7/2*n**2. Let c(k) be the first derivative of d(k). Determine c(-5).
-3
Suppose 3*p + d = 193, 0 = -2*p - 2*d - 2*d + 112. Let v(s) = -2*s + 144 - 74 - p. Calculate v(5).
-6
Let x(f) = 3 - 20*f**3 + 3*f**2 - 2*f + 6*f**3 + 15*f**3. Suppose 3*u = 8*u + 20. Determine x(u).
-5
Let q = -1240 + 1246. Let k(w) = 2*w**2 - 13*w. Give k(q).
-6
Suppose -3*x - 19 = -61. Let b = 3 + -1. Suppose y - 12 = 4*g - y, b*g + 4*y = x. Let i(h) = -3*h - 1. Give i(g).
2
Let z(r) = -r**2 - 7*r - 7. Suppose -d - 6 + 44 = 2*u, 5*d - 28 = -u. Let a(f) = f**2 + 8*f + 21. Let n be a(-6). Let b be (24/u)/((-2)/n). What is z(b)?
-1
Let r(b) = b**2 - 50*b + 629. Let k be r(26). Let l(i) = i**3 - 5*i**2 - 2. Determine l(k).
-2
Let n(h) be the second derivative of -h**4/12 + 2*h**3/3 + h**2/2 - 3*h. Suppose -14*o - 12 = -13*o + 3*u, -2*o = 2*u + 4. Determine n(o).
4
Let y(d) = -d**2 - 16*d - 62. Let g(o) = 2*o**3 - 22*o**2 + 38*o - 427. Let c be g(11). Calculate y(c).
1
Suppose -b + 5 = -0. Suppose 4*r = 3*i + 20, b*r - 25 = -2*i + i. Suppose y = r - 4. Let h(a) = -2*a**3 - 2*a**2 + a. What is h(y)?
-3
Let q = 31 + -45. Let y = -11 - q. Let a(x) = -x**2 + x - 3*x**2 + y*x**2 - 4. Determine a(0).
-4
Let o(r) = -10*r**2 - 2*r - 1. Suppose -7*i + 46 = 4. Suppose 4*j + i = -l, -4*l - 7 = 5*j - 3*l. What is o(j)?
-9
Let g be 0 + (-4 - -1) + -2. Let t(r) = r**2 + 9*r - 13. Let m(n) = n - 1. Let b(d) = -d**2 - 5*d - 1. Let f be b(-5). Let h(s) = f*t(s) + 6*m(s). Give h(g).
-3
Let h(z) = z + 5. Suppose 117 - 24 = 31*a. Let d(k) = -5*k + 3. Let o(l) = 6*l - 4. Let n(q) = 5*d(q) + 4*o(q). Let f be n(a). What is h(f)?
1
Let q = -60 + 60. Suppose 3*x - 4*v - 8 = 2*x, q = -4*x - 2*v + 32. Let g(a) = -a**3 + 7*a**2 + 6*a + 10. What is g(x)?
-6
Let k(s) = -s**2 + 17*s - 16. Let b(p) = -3 - 4*p + 2 + 5. Let n(m) = -9*b(m) - 2*k(m). Determine n(-3).
8
Let w(o) = o - 6. Let j = 35 - 35. Suppose 3*v + 8 - 41 = j. Suppose -4*h + 34 = -3*g, -16 - v = -5*h - 4*g. Calculate w(h).
1
Let p(i) = 5*i**2 + i**3 - 703*i + 345*i - 8 + 350*i + i**2. Calculate p(-7).
-1
Let i(p) = -p**3 + 7*p**2 + 8*p + 8. Suppose 0 = j - 95 + 91. Suppose j*m - 104 = -9*m. Determine i(m).
8
Let o(w) = -5*w - 15 + w**2 + 22 - 4*w. Let n be o(8). Let j be (n + -1